687. Let u = -14 + b. Is u a prime number?
False
Let b = 1708 - 1029. Is b composite?
True
Let g = 36019 - 16358. Is g a prime number?
True
Suppose 2771 = 3*c - 205. Let s = c - 154. Is -1*-2*s/4 composite?
False
Let j be -1 + -1 - 26/(-13). Suppose 7 + 31 = 5*q + 4*m, 3*q - 2*m - 14 = j. Is (2380/(-42))/((-4)/q) prime?
False
Let q = -22 - -22. Suppose -2*s + 3*b + 15 = q, -s + 4*b = -3*s - 6. Is 2/(-3) - (-329)/s prime?
True
Let v = -4547 + 60498. Is v prime?
False
Let o(d) = -d**3 - d**2 - 65*d + 27. Is o(-12) prime?
False
Let h(k) = -1293*k**3 - 9*k**2 - 33*k - 8. Is h(-3) a composite number?
True
Let s = -12331 - -29784. Is s composite?
True
Let d = -26 - -31. Suppose -k - 2*k = -5*i - 1647, -5*i + 2785 = d*k. Is k a composite number?
True
Suppose y - 4 = 0, -94284 = -3*x + y + 69275. Is x prime?
True
Let b(y) = 406*y - 17. Is b(6) prime?
False
Let q(p) = -p**3 + 19*p**2 - 2*p + 541. Is q(0) a prime number?
True
Suppose 40*k + 29*k - 4562211 = 0. Is k composite?
True
Let q(x) = 7*x - 5. Let m(b) = 10*b - 7. Let f(h) = -5*m(h) + 7*q(h). Let r(g) = 68*g - 7. Let v(u) = -6*f(u) + r(u). Is v(2) composite?
True
Suppose -92 = 5*z + 3273. Let v = z + 461. Let d = v + 339. Is d composite?
False
Let f(d) = -1361*d**3 + 4*d**2 + 4*d - 1. Let l be f(-2). Suppose -l = 3*y - 8*y. Is y prime?
True
Let t(w) = -2*w - 27. Let f be t(-18). Suppose -f = -a + 50. Is a a prime number?
True
Let d(u) be the third derivative of 25*u**4/24 + 3*u**3/2 - u**2. Let c(s) = 24*s + 8. Let a(j) = 6*c(j) - 5*d(j). Is a(4) prime?
True
Let t(r) = 2*r - 3. Let h be t(3). Suppose 2*x - 4*j + 12 = 0, 5*j + 0 = 4*x + 9. Is 130 + (h - 8/x) a prime number?
True
Is 78664/16 + -8 - 6/4 composite?
True
Let i(h) = 848*h**3 - h**2 - 2*h - 1. Let g be i(-1). Let y = g - -1857. Is y a prime number?
True
Suppose 5*o - 70381 = -4*t, 2*t - 32266 = -2*o - 4114. Is o a prime number?
False
Suppose -3*l - 49591 = -5*j, 0 = -5*j - 29*l + 30*l + 49587. Is j prime?
False
Let c(s) be the first derivative of 403*s**2 + 3*s + 6. Is c(1) a composite number?
False
Let v be -742 - (-3)/9*0. Let q = v - -1175. Suppose -4*b = -679 - q. Is b a composite number?
True
Let u = -20 + 8. Let r(f) = 27*f - 7. Let b(p) = 26*p - 7. Let l(g) = -6*b(g) + 5*r(g). Is l(u) composite?
True
Suppose 5*g = m + 141, g + 4 - 1 = 0. Is (-1)/1 - m*3 composite?
False
Let u(s) = 27893*s - 587. Is u(6) a prime number?
False
Let b(u) = -31*u - 1. Let s be b(-1). Suppose -2*v + s + 54 = 0. Let q = v - 27. Is q prime?
False
Suppose f - 5*t = 11172, -23 + 3 = -4*t. Is f a prime number?
True
Let t = -1 + -88. Let m = 156 + t. Suppose x - 82 = m. Is x a prime number?
True
Suppose 0*y + 2*y - 18 = 0. Suppose 4*h - 8 - 12 = -4*x, -h = 5*x - y. Is (-1337)/7*(x - 2) a prime number?
True
Suppose 97*j - 343946 = 3*j. Is j prime?
True
Is ((-265)/(-15))/((30/(-1278))/(-5)) prime?
False
Let v = -20 + 17. Let z(x) = -545*x + 2. Is z(v) composite?
False
Let j = 19 - 16. Suppose -3*i + j = -0. Let d(s) = 191*s. Is d(i) composite?
False
Let f = 58156 + -40587. Is f a prime number?
True
Let a = -3960 - -7402. Is a composite?
True
Is (-3)/(-9)*-6 - -24181 prime?
True
Suppose 0 = -2*h - 2*h + 3188. Is h composite?
False
Suppose -3*t + 4*a = -96609, -27*a = 2*t - 28*a - 64406. Is t composite?
False
Let d(l) = 39*l**3 + 2*l**2 + 3*l + 2. Let i be d(-1). Let y = -35 - i. Let r(c) = 31*c**3 - 5*c**2 + c + 2. Is r(y) composite?
False
Suppose 16*y - 4*y = 15852. Suppose -4*r + c = -y, -r + 0*r + 3*c + 322 = 0. Is r composite?
False
Let y = 1724 - -6849. Is y composite?
False
Let t = 567 - 146. Let h = 942 - t. Is h prime?
True
Suppose -4*p + 9 = c, 0 = 3*p + 5*c + 6 - 0. Suppose -4*r + 0*a + 8112 = -2*a, -p*a + 8102 = 4*r. Is r a prime number?
True
Suppose 4*m = -4*v - 892 + 3216, -v = -5*m - 581. Is v a prime number?
False
Suppose -35*o = 2*o - 28897. Is o a composite number?
True
Let y(l) = l - 11. Let g be y(16). Let h(v) = v**3 - 6*v**2 + 7*v - 6. Let t be h(g). Suppose t*n + 17 = 57. Is n a prime number?
False
Let p be (-1)/((-3)/9) + (481 - 0). Let c be 1 + 2*23/2. Suppose p = 4*k - c. Is k prime?
True
Suppose 20 = -4*w + 4. Let s(r) = 428*r**2 + 5*r + 5. Is s(w) composite?
False
Suppose -1408 = -23*j + 103173. Is j composite?
False
Is 2242/(-57)*237/(-2) a composite number?
True
Suppose 278*y - 268*y = 17310. Is y a composite number?
True
Let g(j) = -4 + 6 + 21*j - 8. Is g(3) a composite number?
True
Let x(r) = -7*r - 19. Let t be x(-3). Suppose 0 = -2*z + t - 10, 1673 = 5*g + 3*z. Is g prime?
True
Is (9 + -19)/(-1) - -6121 a composite number?
False
Let w(b) = 3*b**2 - 45*b + 1795 + b**2 - 3*b**2 + 48*b. Is w(0) composite?
True
Suppose 866*z + 20993 = 873*z. Is z a prime number?
True
Is (-30)/(-20) + 3/(-2)*-561 composite?
True
Let d(g) be the third derivative of -g**5/60 - g**4/4 + 5*g**3/6 + g**2. Let o be d(-6). Suppose -5*t + 96 = 3*y, y - 35 = t + o. Is y a prime number?
True
Let h(w) = 96*w**2 - 5*w - 8. Let z(c) = c**2 - c + 1. Let v(q) = h(q) + 4*z(q). Is v(-3) prime?
False
Suppose 2*k - 2*c = 20 - 50, -3*c = 5*k + 35. Is -339*((-4)/k + (-56)/40) a prime number?
False
Let a = 15 + -30. Suppose 5*i = -2*i + 280. Let o = i - a. Is o a composite number?
True
Let x = -14747 + 25960. Is x composite?
False
Let t be (2 - -1)*(-12)/(-18). Let b be (-22 - (t + 0)) + 0. Is (-173)/(-3) + b/(-18) prime?
True
Suppose 6*b - 3*b + 939 = -5*x, 3*x + 567 = -3*b. Let z = 398 + x. Let y = -123 + z. Is y composite?
False
Suppose 134 = 3*h + 35. Suppose w + h = 530. Is w composite?
True
Let c = -68 + 66. Is 912/5 - 36/(-60) - c composite?
True
Suppose 3*b - 2*b + 2*a = 11305, 33918 = 3*b + 5*a. Is b a composite number?
False
Let f = 8 - 11. Let l(y) = y**3 + 3*y**2 - 3*y + 4. Let q be l(f). Suppose 152 = 5*i - q. Is i a prime number?
False
Let z(c) = -2*c**3 - 9*c**2 + 9*c + 16. Let i be z(-8). Suppose 5*a + i = 1407. Is a a prime number?
False
Suppose -2*p - 5*y = -35159 - 76639, 3*p + 2*y = 167675. Is p composite?
False
Let v(t) be the third derivative of 4*t**5/15 + 5*t**3/6 - 12*t**2. Is v(3) a composite number?
False
Suppose -660 - 81 = -a. Suppose 2786 = 3*m - t, -a - 1119 = -2*m - 2*t. Is m composite?
False
Suppose 2*g - 6 = 0, 16 + 3 = 4*o + 5*g. Let d be o/3 - 24/(-9). Suppose 4*s = 3*v + 103, 0 = s - 5*s - d*v + 73. Is s prime?
False
Let p be 16*31 - (9 - 13). Let k = p - 337. Is k prime?
True
Let f(a) = -280*a + 4. Let d be f(1). Let n = d - -419. Is n prime?
False
Suppose -45*f + 54*f - 52011 = 0. Is f a composite number?
False
Suppose 5*w - 12325 = -4690. Suppose 3*z - w = -2*z - 4*v, -2*v = -5*z + 1539. Is z prime?
True
Let p(t) = t**2 + 3*t - 3. Let s be p(12). Suppose -5*r = 3*j - 5900, 5*r + 5*j = -s + 6087. Is r a composite number?
True
Let c(j) = -166*j - 15. Suppose -f - f - 4 = 0. Let h be (2 - 1)/(f/10). Is c(h) composite?
True
Let p(u) = 26*u**2 - 31. Let s be p(5). Let r = 12 + -9. Suppose -s = -r*c + 944. Is c composite?
False
Suppose 4 = r - 0*r. Suppose 0 = 2*w + h - 253, 0 = r*w + w + 2*h - 633. Is w a composite number?
False
Suppose y - 10298 + 3495 = 0. Is y prime?
True
Let z be (-1 - -3)*(-9)/6. Let u be (-4)/(-10)*(8 + z). Suppose 130 = 7*r - u*r. Is r a composite number?
True
Let t be ((-12)/(-3) - 4) + 5. Suppose -c = -3, g - t*c - 8542 = -4*c. Is g composite?
True
Suppose -2*k + 4278 + 2930 = 4*g, -3*k + g = -10805. Is k a prime number?
False
Suppose -20419 - 8642 = -9*y. Is y a prime number?
True
Suppose 4*j - 2*m = 23160, -5*j - 2*m + 2929 = -26030. Is j a prime number?
True
Is 124210/(-20)*2*(-3 + 2) prime?
True
Let s = 51125 - 29356. Is s a composite number?
True
Let t(l) = 300*l + 30 + 0 - 13 - 4. Is t(5) a prime number?
False
Let g(u) = u + 9. Let z be g(-2). Suppose -z*m + 12*m - 955 = 0. Is m a composite number?
False
Let r be (-44)/55 + (-8)/(-10). Suppose 4*d + 1117 = x, r = 2*d + 2*d. Is x prime?
True
Suppose s + 4*s - 30 = -3*j, 31 = 2*s + 5*j. Suppose -t = s*t. Suppose t = -6*a + a + 715. Is a a composite number?
True
Let h = 52 - 27. Let r = -26 + h. Is 0/(-2) + (210 - r) composite?
False
Let r be (-1 - (-19)/7)*7. Suppose 5*o - 8 = r. Suppose -o*h + 2*w = -128, -4*w - 71 = -4*h + 49. Is h a composite number?
True
Let j(a) = 11*a**2 - 53*a**2 + 24*a**2 - a**3 - 8 - 10. Let n be j(-18). Is (-2238)/4*12/n a pri